= -2*z + 2*a, -a + 5 = 0. Suppose 7 = 2*g - z. Let x = 12 + -2. Calculate the remainder when x is divided by g.
2
Let n be 1*15*(-4)/(-12). Let x(p) be the third derivative of p**5/60 - p**4/24 - p**3/3 - p**2. Calculate the remainder when 52 is divided by x(n).
16
Let h = 25 + 48. What is the remainder when h is divided by 15?
13
Let z(g) = -g + 11. Let u be z(5). Suppose -u*y = -11*y + 75. Suppose 28 = i - l, 0 = 2*i + i - l - 84. Calculate the remainder when i is divided by y.
13
Suppose 3*n = -n - 12. Let f = 7 + n. Let t = 2 + 8. What is the remainder when t is divided by f?
2
Let m = 176 - 155. What is the remainder when 31 is divided by m?
10
Let n = -210 - -225. Suppose 0 = 3*o + s - 27, -2*o - 3*s + 36 = 2*o. What is the remainder when n is divided by o?
6
Suppose -3*f + 8 = -f. Suppose -2*k + 0*r = -5*r - 80, 0 = -2*r + f. Suppose -39 = -3*s + q, 4*s - k = q + 7. Calculate the remainder when 37 is divided by s.
11
Let g = 96 - 76. What is the remainder when 79 is divided by g?
19
What is the remainder when 23 is divided by (3 + -2)*-12*-1?
11
Let a(w) = -w**3 - w**2 - w + 1. Let h(b) = -4 - 2 + 4*b**3 + b**2 + 8*b + 0*b**3. Let n(c) = 5*a(c) + h(c). Calculate the remainder when n(-5) is divided by 5.
4
Suppose 3*m - 12 = 0, g - 6*g = -2*m + 18. Let t = 0 - g. Suppose -5 = -2*u + 1. Calculate the remainder when u is divided by t.
1
Let u = 2 + -6. Let j be (-1)/u + 6/8. What is the remainder when (4*j)/(12/42) is divided by 8?
6
Let j = -71 - -77. Let o be (40/(-25))/(2/(-5)). Suppose -t + o = -6. What is the remainder when t is divided by j?
4
Let y(k) = -k**3 + 5*k**2 + 3*k + 6. Let l be 1/1*(4 + 1). What is the remainder when 61 is divided by y(l)?
19
Let j(y) = y**3 - 2*y**2 + 3*y + 3. Suppose 0 = -2*b + 9 + 1. Suppose -4*d + 20 = 3*s, -s + 14 + 0 = b*d. Calculate the remainder when j(s) is divided by 16.
15
Let y(x) = x**3 + 8*x**2 - 5*x - 8. Let a be y(-8). Suppose 2*v - a - 4 = 0. What is the remainder when v is divided by 5?
3
Suppose -z = -4*y - 21, -5*y = -2*z - 3*z + 45. What is the remainder when (-6)/(-3) + (-20)/(-4) is divided by z?
2
Suppose 12 = -4*u - 48. Let h be (-1)/((5 - 2)/3). What is the remainder when ((-4)/(-5))/(h/u) is divided by 7?
5
Suppose 0 = 11*a - 20 - 2. Calculate the remainder when 5 is divided by a.
1
Let k = -9 - -9. Suppose 0 = -k*d + 5*d - 110. Calculate the remainder when 62 is divided by d.
18
What is the remainder when 21 is divided by 1*(3 + 2)*6/2?
6
Let a = 8 - 9. Let n(i) = 28*i**2 + 1. What is the remainder when n(a) is divided by 10?
9
Let z = 73 + -47. What is the remainder when z is divided by (-1 + -2)*7/(-3)?
5
Suppose -3*y + 8 = -7*y. Calculate the remainder when 42/4 + 1/y is divided by 6.
4
Suppose -2*r = -5*l + 81, -5*r = -4*l + 44 + 14. Suppose -9 = -5*f - 29. Let a(p) = -2*p - 2. What is the remainder when l is divided by a(f)?
5
Let c(d) = -4*d + 5. Calculate the remainder when c(-6) is divided by (-3)/(-21) - (-3)/21*111.
13
Let f = -4 - -4. Suppose 5*s + 22 = c, -4*c + f*s = 2*s. Suppose -2*o + 6*o + 108 = 4*h, c = -2*o. What is the remainder when h is divided by 14?
12
Let r = 37 + -22. Suppose u = 4*g + 1, -2*u + 0*u + 26 = 4*g. Calculate the remainder when -2 + 2 + r*1 is divided by u.
6
Let f(h) = h**3 + 6*h**2 - 4*h - 9. Calculate the remainder when f(-6) is divided by -9*(0 + (3 - 4)).
6
Let o(n) be the first derivative of 5*n**2/2 - 5*n + 1. Let d(s) = s - 1. What is the remainder when o(2) is divided by d(4)?
2
Let p(y) = y + 11. Let i be p(-7). What is the remainder when (32 - -3) + i/2 is divided by -57*(7 - 2)/(-15)?
18
Calculate the remainder when 89 is divided by 2/8 - (-284)/16.
17
Let v(o) = -2*o - 7. What is the remainder when 39 is divided by v(-9)?
6
Let j be ((-4)/6)/((-4)/126). Suppose s + s = 5*d + j, 2*d + 2 = 0. What is the remainder when 15 is divided by s?
7
Let w(q) = -q - 4. What is the remainder when 5 is divided by w(-6)?
1
Suppose 5*k - b = 533, 3*k = -4*b - 0*b + 329. What is the remainder when k is divided by 27?
26
Suppose -5*f + 10 = -35. Calculate the remainder when 42 is divided by f.
6
Let g be 3 + (-6 - -4) + 0. Suppose g = h - 2. What is the remainder when 5 is divided by h?
2
Let d(m) = m**3 - 2*m**2 - 5*m - 1. Suppose 3*f - 28 - 26 = 0. Calculate the remainder when f is divided by d(4).
7
Suppose 0 = -4*o - 5*i + 20, 2*i + i = 0. Let b = 8 + -6. Suppose o = s - b. Calculate the remainder when 13 is divided by s.
6
Suppose -242 = 2*v - 94. Let c = -51 - v. Calculate the remainder when c is divided by (-4 - 94/(-10)) + (-3)/(-5).
5
Suppose -2*m - 36 = m. What is the remainder when 14 is divided by m/(-1)*4/6?
6
Let x be (-4)/14 + (-6)/(-21). Suppose d + 20 + 22 = 3*b, x = 3*b + 5*d - 60. What is the remainder when 27 is divided by b?
12
Let z(d) = -4*d**3 + d**2 - 2*d - 1. Let q be z(-3). Suppose -4*p + 2*p = -q. Calculate the remainder when p is divided by 21.
19
Let x = 38 + -16. What is the remainder when x is divided by 6?
4
Let x be (12/8)/(3/8). Let l(f) = f**2 + x - f**3 + 2*f**2 + 4*f - 6*f**2. What is the remainder when 7 is divided by l(-4)?
3
Let a = -10 + 8. Calculate the remainder when (-39)/6*-4 + a is divided by 15.
9
Let u = -16 - -22. What is the remainder when (-3)/u - (-31)/2 is divided by 9?
6
Let z = 30 + -17. What is the remainder when 50 is divided by z?
11
Let x(m) = 3*m**2 - 5*m + 4. Suppose j = 2*n + 5, 4*j - 47 = n - 6. Calculate the remainder when x(4) is divided by j.
10
Suppose 2*m + 4*h = 250, 0 = 5*m - h - 0*h - 614. Calculate the remainder when m is divided by 31.
30
Let d be 1/(-3) + (-38)/(-6). Suppose 4*n = -2 + d. Calculate the remainder when (-2)/4*(-5 + 3) is divided by n.
0
Suppose 3*y - 26 = -f - 0*y, 0 = -2*f + 3*y + 79. Suppose 9*k - 4*k - r - 65 = 0, -r + 7 = k. Calculate the remainder when f is divided by k.
11
Let j = 19 - 5. Let m = -32 - -30. Calculate the remainder when 3/2*m + 29 is divided by j.
12
Let d(k) = k**2 - 3*k + 2. Let f = 203 + -181. What is the remainder when f is divided by d(4)?
4
Let z be 1 + 45 + (-2)/1. Suppose -3*p + z = -p. What is the remainder when p is divided by 8?
6
Suppose 0 = -10*c - 0*c + 800. Calculate the remainder when c is divided by 9.
8
Let z(t) = -t**2 + 0 + t**3 + t**3 + 1. Calculate the remainder when 5 is divided by z(1).
1
Calculate the remainder when 79 is divided by 30/(-2)*6/(-9).
9
Suppose -6*g = -3*g + 4*x - 81, 2*x = -5*g + 121. What is the remainder when 44 is divided by g?
21
Suppose -217 - 84 = -7*t. Suppose 5*c = 2*d - 35, d - 1 = -4*c + 10. Calculate the remainder when t is divided by d.
13
Let v(t) = -5*t**2 - t - 3*t + 0*t**2 + t. Let x be v(-2). Let p = 34 + x. Calculate the remainder when p is divided by 11.
9
Suppose 3*m - 24 = -78. Let i = 37 + m. Calculate the remainder when 56 is divided by i.
18
Let x = -93 + 153. Calculate the remainder when x is divided by 13.
8
Let b(l) = l**3 - 4*l**2 - 2*l + 5. Let y be b(4). Calculate the remainder when 49 is divided by 1 + (-3)/(y/16).
15
Let d(l) = -2*l - 15. Let t be d(-7). Let z(k) = -8*k. What is the remainder when 29 is divided by z(t)?
5
Let i = -11 - -15. Let k(g) = 2*g**3 - 5*g**2 - 6*g + 10. Suppose -5*s + 45 = -15. What is the remainder when k(i) is divided by s?
10
Let k = 67 + -51. What is the remainder when k is divided by 6?
4
Suppose -r = 5*i - 530, 2*i - 111 - 74 = 5*r. Calculate the remainder when i is divided by 27.
24
Let x = 13 + -26. Let q = 25 + x. Calculate the remainder when q is divided by 7.
5
Let y = -25 + 40. Calculate the remainder when 43 is divided by y.
13
Suppose 0*y = 4*y. Suppose 3*i = 5*i. Suppose x - 12 = -r - y*x, -r + 5*x + 36 = i. Calculate the remainder when 47 is divided by r.
15
Let r = 33 - 25. Let z = r - -37. What is the remainder when z is divided by (-70)/(-3) + 1/(-3)?
22
Suppose 4 - 144 = -4*f. Calculate the remainder when f is divided by 8.
3
Let s(y) = -2*y + 26. What is the remainder when 7 is divided by s(12)?
1
Let i = -20 - -39. What is the remainder when 92 is divided by i?
16
Let r(c) = c**2 + c - 2. Suppose 4*g + 0*g = -16. Calculate the remainder when r(g) is divided by 3.
1
Suppose -59 = -9*p + 49. Calculate the remainder when 106 is divided by p.
10
Let k = -61 - -105. Suppose 122 = 5*h - 2*o, -2*h - k = -4*h + 2*o. Let n 